{"id":93,"date":"2021-10-21T13:41:36","date_gmt":"2021-10-21T11:41:36","guid":{"rendered":"http:\/\/nano.bestoffice.nazwa.pl\/?page_id=93"},"modified":"2021-11-03T15:02:19","modified_gmt":"2021-11-03T14:02:19","slug":"zastosowanie-w-przemysle-rolniczym","status":"publish","type":"page","link":"https:\/\/nanobestworld.pl\/index.php\/zastosowanie-w-przemysle-rolniczym\/","title":{"rendered":"Zastosowanie w przemy\u015ble rolniczym"},"content":{"rendered":"\t\t<div data-elementor-type=\"wp-page\" data-elementor-id=\"93\" class=\"elementor elementor-93\" data-elementor-settings=\"[]\">\n\t\t\t\t\t\t<div class=\"elementor-inner\">\n\t\t\t\t\t\t\t<div class=\"elementor-section-wrap\">\n\t\t\t\t\t\t\t<section class=\"elementor-section elementor-top-section elementor-element elementor-element-630d4d5 elementor-section-boxed elementor-section-height-default elementor-section-height-default\" data-id=\"630d4d5\" data-element_type=\"section\">\n\t\t\t\t\t\t\t<div class=\"elementor-background-overlay\"><\/div>\n\t\t\t\t\t\t\t<div class=\"elementor-container elementor-column-gap-default\">\n\t\t\t\t\t\t\t<div class=\"elementor-row\">\n\t\t\t\t\t<div class=\"elementor-column elementor-col-100 elementor-top-column elementor-element elementor-element-934bb99\" data-id=\"934bb99\" data-element_type=\"column\">\n\t\t\t<div class=\"elementor-column-wrap elementor-element-populated\">\n\t\t\t\t\t\t\t<div class=\"elementor-widget-wrap\">\n\t\t\t\t\t\t<section class=\"elementor-section elementor-inner-section elementor-element elementor-element-32c1c58 elementor-section-boxed elementor-section-height-default elementor-section-height-default\" data-id=\"32c1c58\" data-element_type=\"section\">\n\t\t\t\t\t\t<div class=\"elementor-container elementor-column-gap-default\">\n\t\t\t\t\t\t\t<div class=\"elementor-row\">\n\t\t\t\t\t<div class=\"elementor-column elementor-col-100 elementor-inner-column elementor-element elementor-element-01a6bb6\" data-id=\"01a6bb6\" data-element_type=\"column\">\n\t\t\t<div class=\"elementor-column-wrap elementor-element-populated\">\n\t\t\t\t\t\t\t<div class=\"elementor-widget-wrap\">\n\t\t\t\t\t\t<div class=\"elementor-element elementor-element-2bc90a6 elementor-widget elementor-widget-image\" data-id=\"2bc90a6\" data-element_type=\"widget\" data-widget_type=\"image.default\">\n\t\t\t\t<div class=\"elementor-widget-container\">\n\t\t\t\t\t\t\t\t<div class=\"elementor-image\">\n\t\t\t\t\t\t\t\t\t\t\t\t<img width=\"650\" height=\"260\" src=\"https:\/\/nanobestworld.pl\/wp-content\/uploads\/2021\/11\/xbaner_nanosrebro_krzemionka.jpg.pagespeed.ic_.PD-5k2Oaii-1.webp\" class=\"attachment-full size-full\" alt=\"\" loading=\"lazy\" srcset=\"https:\/\/nanobestworld.pl\/wp-content\/uploads\/2021\/11\/xbaner_nanosrebro_krzemionka.jpg.pagespeed.ic_.PD-5k2Oaii-1.webp 650w, https:\/\/nanobestworld.pl\/wp-content\/uploads\/2021\/11\/xbaner_nanosrebro_krzemionka.jpg.pagespeed.ic_.PD-5k2Oaii-1-300x120.webp 300w\" sizes=\"(max-width: 650px) 100vw, 650px\" \/>\t\t\t\t\t\t\t\t\t\t\t\t\t\t<\/div>\n\t\t\t\t\t\t<\/div>\n\t\t\t\t<\/div>\n\t\t\t\t\t\t<\/div>\n\t\t\t\t\t<\/div>\n\t\t<\/div>\n\t\t\t\t\t\t\t\t<\/div>\n\t\t\t\t\t<\/div>\n\t\t<\/section>\n\t\t\t\t<section class=\"elementor-section elementor-inner-section elementor-element elementor-element-b1a4519 elementor-section-boxed elementor-section-height-default elementor-section-height-default\" data-id=\"b1a4519\" data-element_type=\"section\">\n\t\t\t\t\t\t<div class=\"elementor-container elementor-column-gap-default\">\n\t\t\t\t\t\t\t<div class=\"elementor-row\">\n\t\t\t\t\t<div class=\"elementor-column elementor-col-100 elementor-inner-column elementor-element elementor-element-8cb0387\" data-id=\"8cb0387\" data-element_type=\"column\">\n\t\t\t<div class=\"elementor-column-wrap elementor-element-populated\">\n\t\t\t\t\t\t\t<div class=\"elementor-widget-wrap\">\n\t\t\t\t\t\t<div class=\"elementor-element elementor-element-8bd7d96 elementor-widget elementor-widget-text-editor\" data-id=\"8bd7d96\" data-element_type=\"widget\" data-widget_type=\"text-editor.default\">\n\t\t\t\t<div class=\"elementor-widget-container\">\n\t\t\t\t\t\t\t\t<div class=\"elementor-text-editor elementor-clearfix\">\n\t\t\t\t<p class=\"text\">Stosowanie nanosrebra ma doskona\u0142e rezultaty w wielu dziedzinach rolnictwa, produkcji zwierz\u0119cej, przetw\u00f3rstwa i magazynowania \u017cywno\u015bci.<\/p><p class=\"text\"><strong><span class=\"blue_small\">Bezpiecze\u0144stwo:<\/span><\/strong><\/p><ul class=\"list\"><li>zapobieganie epidemiom i chorobom w hodowlach zwierz\u0105t<\/li><li>sterylizacja narz\u0119dzi, sprz\u0119t\u00f3w i wyposa\u017cenia<\/li><li>sterylizacja opakowa\u0144 i miejsc sk\u0142adowania<\/li><li>dezynfekcja bakteriob\u00f3jcza i grzybob\u00f3jcza wody przeznaczonej do proces\u00f3w produkcyjnych, podlewania oraz do spo\u017cycia<\/li><li>dezynfekcja pomieszcze\u0144 produkcyjnych i hodowlanych, instalacji i urz\u0105dze\u0144<\/li><li>dezynfekcja odzie\u017cy roboczej, kt\u00f3ra u\u017cywana jest przez pracownik\u00f3w stykaj\u0105cych si\u0119 z procesami produkcyjnymi<\/li><\/ul><p class=\"text\"><strong><span class=\"blue_small\">Czynno\u015bci i miejsca stosowania:<\/span><\/strong><\/p><ul class=\"list\"><li>odka\u017canie zwierz\u0105t, kopyt, racic<\/li><li>odka\u017canie i ochrona instalacji do dojenia i pojemnik\u00f3w na mleko<\/li><li>odka\u017canie i ochrona powierzchni pod\u0142o\u017ca, \u015bcian, przegr\u00f3d, budynk\u00f3w stajni i obiekt\u00f3w hodowlanych<\/li><li>gleba , odka\u017canie i przyspieszanie wzrostu upraw<\/li><li>odka\u017canie i ochrona szklarni<\/li><li>odka\u017canie i ochrona pojemnik\u00f3w do przechowywania paszy i \u015bci\u00f3\u0142ki<\/li><li>impregnacja ubra\u0144 roboczych<\/li><li>impregnacja materia\u0142\u00f3w<\/li><li>impregnacja opakowa\u0144<\/li><\/ul><p class=\"text\">NanonSrebro podawane zwierz\u0119tom hamuje wzrost bakterii jelitowych (np. Salmonelloa Enteritidis oraz Escherichia coli). Poza tym preparat na bazie nanokoloidu srebra mo\u017ce zabezpiecza\u0107 przed chorobami sk\u00f3ry i wytwor\u00f3w rogowych nask\u00f3rka. Jest bardzo skuteczne w terapii leczenia zapalenia przyz\u0119bia u zwierz\u0105t. Nano srebro mo\u017ce by\u0107 bez obaw stosowane bez potrzeby wyprowadzania zwierz\u0105t z pomieszcze\u0144, gdy\u017c jest dla nich ca\u0142kowicie bezpieczne, a jednocze\u015bnie zabija wszelkie bakterie i wirusy.<\/p>\t\t\t\t\t<\/div>\n\t\t\t\t\t\t<\/div>\n\t\t\t\t<\/div>\n\t\t\t\t\t\t<\/div>\n\t\t\t\t\t<\/div>\n\t\t<\/div>\n\t\t\t\t\t\t\t\t<\/div>\n\t\t\t\t\t<\/div>\n\t\t<\/section>\n\t\t\t\t\t\t<\/div>\n\t\t\t\t\t<\/div>\n\t\t<\/div>\n\t\t\t\t\t\t\t\t<\/div>\n\t\t\t\t\t<\/div>\n\t\t<\/section>\n\t\t\t\t\t\t<\/div>\n\t\t\t\t\t\t<\/div>\n\t\t\t\t\t<\/div>\n\t\t","protected":false},"excerpt":{"rendered":"<p>Stosowanie nanosrebra ma doskona\u0142e rezultaty w wielu dziedzinach rolnictwa, produkcji zwierz\u0119cej, przetw\u00f3rstwa i magazynowania \u017cywno\u015bci. Bezpiecze\u0144stwo: zapobieganie epidemiom i chorobom w hodowlach zwierz\u0105t sterylizacja narz\u0119dzi, sprz\u0119t\u00f3w i wyposa\u017cenia sterylizacja opakowa\u0144 i miejsc sk\u0142adowania dezynfekcja bakteriob\u00f3jcza i grzybob\u00f3jcza wody przeznaczonej do proces\u00f3w produkcyjnych, podlewania oraz do spo\u017cycia dezynfekcja pomieszcze\u0144 produkcyjnych i hodowlanych, instalacji i urz\u0105dze\u0144 dezynfekcja [&hellip;]<\/p>\n","protected":false},"author":1,"featured_media":0,"parent":0,"menu_order":0,"comment_status":"closed","ping_status":"closed","template":"","meta":[],"_links":{"self":[{"href":"https:\/\/nanobestworld.pl\/index.php\/wp-json\/wp\/v2\/pages\/93"}],"collection":[{"href":"https:\/\/nanobestworld.pl\/index.php\/wp-json\/wp\/v2\/pages"}],"about":[{"href":"https:\/\/nanobestworld.pl\/index.php\/wp-json\/wp\/v2\/types\/page"}],"author":[{"embeddable":true,"href":"https:\/\/nanobestworld.pl\/index.php\/wp-json\/wp\/v2\/users\/1"}],"replies":[{"embeddable":true,"href":"https:\/\/nanobestworld.pl\/index.php\/wp-json\/wp\/v2\/comments?post=93"}],"version-history":[{"count":7,"href":"https:\/\/nanobestworld.pl\/index.php\/wp-json\/wp\/v2\/pages\/93\/revisions"}],"predecessor-version":[{"id":463,"href":"https:\/\/nanobestworld.pl\/index.php\/wp-json\/wp\/v2\/pages\/93\/revisions\/463"}],"wp:attachment":[{"href":"https:\/\/nanobestworld.pl\/index.php\/wp-json\/wp\/v2\/media?parent=93"}],"curies":[{"name":"wp","href":"https:\/\/api.w.org\/{rel}","templated":true}]}}